{"id":33,"date":"2022-10-11T22:02:11","date_gmt":"2022-10-11T22:02:11","guid":{"rendered":"https:\/\/radiofenixinternacional.com\/?page_id=33"},"modified":"2022-10-12T00:14:07","modified_gmt":"2022-10-12T00:14:07","slug":"locutores","status":"publish","type":"page","link":"https:\/\/radiofenixinternacional.com\/?page_id=33","title":{"rendered":"Locutores"},"content":{"rendered":"\n<div class=\"wp-block-columns alignwide are-vertically-aligned-top is-style-default is-layout-flex wp-container-core-columns-is-layout-9d6595d7 wp-block-columns-is-layout-flex\">\n<div class=\"wp-block-column is-vertically-aligned-top is-layout-flow wp-block-column-is-layout-flow\" style=\"flex-basis:100%\">\n<div class=\"wp-block-columns is-layout-flex wp-container-core-columns-is-layout-9d6595d7 wp-block-columns-is-layout-flex\">\n<div class=\"wp-block-column is-layout-flow wp-block-column-is-layout-flow\" style=\"flex-basis:100%\">\n<h2 class=\"has-extra-large-font-size wp-block-heading\">Director general: V\u00edctor Elvir m\u00e1s conocido en las redes como V\u00edctor el f\u00e9nix desde Honduras.<\/h2>\n\n\n\n<div class=\"wp-block-columns is-layout-flex wp-container-core-columns-is-layout-9d6595d7 wp-block-columns-is-layout-flex\">\n<div class=\"wp-block-column is-layout-flow wp-block-column-is-layout-flow\" style=\"flex-basis:100%\">\n<p class=\"has-large-font-size\"><strong>Producci\u00f3n: Carlos Lizardo desde Honduras <\/strong><\/p>\n\n\n\n<p><strong>Al pendiente de las redes &amp; jefa de eventos: Everilda moreno desde El puerto la ilucion baja california sur, Estado Mexicano<\/strong><\/p>\n\n\n\n<p><\/p>\n<\/div>\n<\/div>\n<\/div>\n<\/div>\n<\/div>\n<\/div>\n","protected":false},"excerpt":{"rendered":"<p>Director general: V\u00edctor Elvir m\u00e1s conocido en las redes como V\u00edctor el f\u00e9nix desde Honduras. Producci\u00f3n: Carlos Lizardo desde Honduras Al pendiente de las redes &amp; jefa de eventos: Everilda moreno desde El puerto la ilucion baja california sur, Estado Mexicano<\/p>\n","protected":false},"author":1,"featured_media":0,"parent":0,"menu_order":0,"comment_status":"closed","ping_status":"closed","template":"","meta":{"footnotes":""},"class_list":["post-33","page","type-page","status-publish","hentry","entry"],"_links":{"self":[{"href":"https:\/\/radiofenixinternacional.com\/index.php?rest_route=\/wp\/v2\/pages\/33","targetHints":{"allow":["GET"]}}],"collection":[{"href":"https:\/\/radiofenixinternacional.com\/index.php?rest_route=\/wp\/v2\/pages"}],"about":[{"href":"https:\/\/radiofenixinternacional.com\/index.php?rest_route=\/wp\/v2\/types\/page"}],"author":[{"embeddable":true,"href":"https:\/\/radiofenixinternacional.com\/index.php?rest_route=\/wp\/v2\/users\/1"}],"replies":[{"embeddable":true,"href":"https:\/\/radiofenixinternacional.com\/index.php?rest_route=%2Fwp%2Fv2%2Fcomments&post=33"}],"version-history":[{"count":3,"href":"https:\/\/radiofenixinternacional.com\/index.php?rest_route=\/wp\/v2\/pages\/33\/revisions"}],"predecessor-version":[{"id":42,"href":"https:\/\/radiofenixinternacional.com\/index.php?rest_route=\/wp\/v2\/pages\/33\/revisions\/42"}],"wp:attachment":[{"href":"https:\/\/radiofenixinternacional.com\/index.php?rest_route=%2Fwp%2Fv2%2Fmedia&parent=33"}],"curies":[{"name":"wp","href":"https:\/\/api.w.org\/{rel}","templated":true}]}}