{"id":30,"date":"2022-10-11T22:01:06","date_gmt":"2022-10-11T22:01:06","guid":{"rendered":"https:\/\/radiofenixinternacional.com\/?page_id=30"},"modified":"2023-04-21T03:16:18","modified_gmt":"2023-04-21T03:16:18","slug":"programacion","status":"publish","type":"page","link":"https:\/\/radiofenixinternacional.com\/?page_id=30","title":{"rendered":"Programaci\u00f3n"},"content":{"rendered":"\n<p><strong>BIENVENIDO A RADIO F\u00c9NIX INTERNACIONAL<\/strong><\/p>\n\n\n\n<p>\u00a1Escucha lo mejor de la radio con nosotros!<\/p>\n\n\n\n<p>En Radio F\u00e9nix te ofrecemos dos programas distintos para que te mantengas al d\u00eda en cuanto a noticias y m\u00fasica. \u00abLa Noticia al D\u00eda\u00bb es nuestro programa matutino de noticias, en el que te brindamos la actualidad local e internacional, de lunes a viernes, de 8 a.m. a 9 a.m. Y para que empieces el d\u00eda de la mejor manera, \u00abEl Sabor de la Vida\u00bb es nuestro programa de m\u00fasica en ingl\u00e9s, de 10 a.m. a mediod\u00eda, con V\u00edctor el F\u00e9nix como anfitri\u00f3n. Aqu\u00ed podr\u00e1s disfrutar de la mejor selecci\u00f3n de m\u00fasica en ingl\u00e9s desde los a\u00f1os 60 hasta nuestros d\u00edas. Ambos programas te ofrecen la mejor calidad de entretenimiento y noticias para que inicies tu d\u00eda con la informaci\u00f3n m\u00e1s relevante y la mejor m\u00fasica. \u00a1Acomp\u00e1\u00f1anos en Radio F\u00e9nix y disfruta de nuestros programas!<\/p>\n\n\n\n<p><strong><em>KALIM\u00c1N EL HOMBRE INCRE\u00cdBLE<\/em><\/strong><br>\u00danete a la aventura en nuestra radionovela de acci\u00f3n y drama, donde Kalim\u00e1n lucha contra el mal para proteger a los inocentes.<\/p>\n\n\n\n<p><strong><em>PORFIRIO CADENAS<\/em><\/strong><br>Disfruta de nuestra serie de radio ficci\u00f3n, donde la intriga y el suspenso son constantes en cada episodio.<\/p>\n\n\n\n<p><strong><em>TARDES TROPICALES<\/em><\/strong><br>Baila al ritmo de la m\u00fasica franca y tropical, y disfruta de los sonidos del Caribe y de Am\u00e9rica Latina.<\/p>\n\n\n\n<p><strong><em>CARICIAS ROM\u00c1NTICAS<\/em><\/strong><br>Deja que nuestro programa de m\u00fasica rom\u00e1ntica te transporte a un mundo de amor y nostalgia con bellas canciones en espa\u00f1ol.<\/p>\n\n\n\n<p><strong><em>EL SABOR DE LA VIDA<\/em><\/strong><\/p>\n\n\n\n<p>Aqu\u00ed podr\u00e1s disfrutar, de una manera Din\u00e1mica, como solo lo sabe hacer V\u00edctor el so\u00f1ador. Con los s\u00faper cl\u00e1sicos de la m\u00fasica en ingl\u00e9s, noticias de actualidad y mucho m\u00e1s.<\/p>\n\n\n\n<p><strong><em>FRIJOL EL TERRIBLE<\/em><\/strong><\/p>\n\n\n\n<p>Desde Honduras con su agencia de empleos la holgazana donde trabaja el que le da la gana contando lo que pasa tierra adentro en nuestros paises centroamericanos. De lunes a viernes a las 2:00 a 3:00 Pm horas centroam\u00e8rica. <\/p>\n\n\n\n<p><strong><em>S\u00c0BADOS DE PEL\u00ccCULAS<\/em><\/strong><\/p>\n\n\n\n<p>De las 7:00 a 9:00 Pm hora centroam\u00e8rica ah\u00ec disfrutar\u00e0s de las mejores pel\u00ecculas con audio descripci\u00f2n prep\u00e0rate a disfrutar de lo nunca vivido en radio con estas s\u00f9per pel\u00ecculas.<\/p>\n\n\n\n<p><em><strong>CHARROS DE ORO<\/strong><\/em><\/p>\n\n\n\n<p>Con Aron Trejo el Chihuahita desde Chihuahua M\u00e9xico te invita a escuchar lo m\u00e1s grandes cantantes de la m\u00fasica ranchera mexicana todos los vierne de 4:00 a 5:00 Pm hora centroamericana, 3:00 a 4:00 Pm hora chihuahua M\u00e9xico.<\/p>\n\n\n\n<p><strong><em>LA HORA DEL CAF\u00c9 <\/em><\/strong><\/p>\n\n\n\n<p>Con Arturo Rivera de lunes a viernes de 3:00 a 4:00 Pm hora de centro am\u00e9rica central donde escucharas m\u00fasica del recuerdo, poemas y versos que te har\u00e1n recordar tiempos inolvidables.<\/p>\n","protected":false},"excerpt":{"rendered":"<p>BIENVENIDO A RADIO F\u00c9NIX INTERNACIONAL \u00a1Escucha lo mejor de la radio con nosotros! En Radio F\u00e9nix te ofrecemos dos programas distintos para que te mantengas al d\u00eda en cuanto a noticias y m\u00fasica. \u00abLa Noticia al D\u00eda\u00bb es nuestro programa matutino de noticias, en el que te brindamos la actualidad local e internacional, de lunes&hellip; <a class=\"more-link\" href=\"https:\/\/radiofenixinternacional.com\/?page_id=30\">Seguir leyendo <span class=\"screen-reader-text\">Programaci\u00f3n<\/span><\/a><\/p>\n","protected":false},"author":1,"featured_media":0,"parent":0,"menu_order":0,"comment_status":"closed","ping_status":"closed","template":"","meta":{"footnotes":""},"class_list":["post-30","page","type-page","status-publish","hentry","entry"],"_links":{"self":[{"href":"https:\/\/radiofenixinternacional.com\/index.php?rest_route=\/wp\/v2\/pages\/30","targetHints":{"allow":["GET"]}}],"collection":[{"href":"https:\/\/radiofenixinternacional.com\/index.php?rest_route=\/wp\/v2\/pages"}],"about":[{"href":"https:\/\/radiofenixinternacional.com\/index.php?rest_route=\/wp\/v2\/types\/page"}],"author":[{"embeddable":true,"href":"https:\/\/radiofenixinternacional.com\/index.php?rest_route=\/wp\/v2\/users\/1"}],"replies":[{"embeddable":true,"href":"https:\/\/radiofenixinternacional.com\/index.php?rest_route=%2Fwp%2Fv2%2Fcomments&post=30"}],"version-history":[{"count":7,"href":"https:\/\/radiofenixinternacional.com\/index.php?rest_route=\/wp\/v2\/pages\/30\/revisions"}],"predecessor-version":[{"id":61,"href":"https:\/\/radiofenixinternacional.com\/index.php?rest_route=\/wp\/v2\/pages\/30\/revisions\/61"}],"wp:attachment":[{"href":"https:\/\/radiofenixinternacional.com\/index.php?rest_route=%2Fwp%2Fv2%2Fmedia&parent=30"}],"curies":[{"name":"wp","href":"https:\/\/api.w.org\/{rel}","templated":true}]}}